 v(i) = 3*i + 9. Suppose 4*p - 25 = -5*f, 12 = 3*p + 3*f - 6. Let u = p - 5. Let w(c) = -c - 6. Let y be w(u). What is v(y)?
-9
Let i(o) = -149*o - 19 - 145*o + 284*o. Calculate i(-3).
11
Let u(g) = -3*g**3 - 16*g**2 - 2*g - 12. Let l(s) = -7*s**3 - 34*s**2 - 2*s - 25. Let o(r) = -4*l(r) + 9*u(r). Give o(9).
-17
Let p(i) = 2*i**3 - i**2 - 2*i + 2. Let y be 31/1 - (-6)/(9 + -7). Suppose -y*m + 8 = -60. What is p(m)?
10
Let q(x) = -x**3 - 6*x**2 - 13*x - 32. Let b be q(-4). Let m be (b/5)/((-12)/45). Let c(i) = i - 7. What is c(m)?
2
Let x(p) = -2*p + 1. Let c(w) = -w**2 - 7*w - 20. Let q(a) = -c(a) + 3*x(a). Calculate q(0).
23
Let p(v) = -v**3 - 31*v**2 + 9*v + 283. Let c be p(-31). Let w(o) = -2*o**2 + 8*o + 6. What is w(c)?
6
Suppose -3*j - 136*a = -134*a - 58, -4*j + 2*a = -82. Let r(v) = 2*v - 34. Calculate r(j).
6
Let n(m) be the second derivative of m**4/6 + 43*m**3/6 + 74*m**2 - 3213*m - 3. Determine n(-4).
8
Let k(v) be the first derivative of v**3/3 + 21*v**2/2 - 49*v + 80. Let p be k(-23). Let z(f) = f**3 + f**2 + 1. Determine z(p).
-17
Let u(c) = -c + 34. Suppose 1650 = 180*s + 4710. What is u(s)?
51
Let f(u) = u + 8. Let q be (-47)/(-15) + (-40)/300. Suppose -7*p + 71 = -3*s - 11*p, -q*p + 2 = -s. Calculate f(s).
-9
Let x(w) = -w**3 + w**2 - w + 1. Let n(z) = -z**3 + 2*z**2 + 6*z - 11. Let l = -428 - -430. Let o be n(l). Calculate x(o).
0
Let v(o) = o**2 - 9*o - 2. Suppose y = -9*y + 50. Let d be ((-4)/(-30)*y)/((-6)/(-81)). What is v(d)?
-2
Suppose -10*n - 9 = -13*n. Let o(v) = 7*v**2 + 21 + 5*v - 29 - 4*v**n + 5*v**3. Let a(l) = -4*l + 2. Let z be a(2). Give o(z).
-2
Let f(o) = -28*o + 13. Let y(p) = -30*p + 14. Let b(u) = -7*f(u) + 6*y(u). Give b(1).
9
Let g(p) = 5 + 3*p + 6*p + 16*p + 6 - 24*p. Calculate g(5).
16
Let l(h) be the second derivative of -h**4/12 + 13*h**3/6 + 18*h**2 + 393*h + 3. What is l(15)?
6
Let b(w) = w**3 + 7*w**2 + 9*w - 1. Let l be (1/(-5))/((-63)/(-2205)). Calculate b(l).
-64
Let v(k) = -k + 5. Let s(q) = 6 - 7*q - 7*q + 4. Let c be s(-3). Suppose -c = -5*h - 12. What is v(h)?
-3
Let m be 2/(-6)*(-255)/85. Let g(p) be the third derivative of -p**5/15 + p**4/24 + p**3/6 + 13*p**2. Calculate g(m).
-2
Let n(x) = 7*x + 56. Let y(t) = -9*t - 68. Let b(i) = -5*n(i) - 4*y(i). Determine b(9).
1
Suppose -5*u - 25 = 0, 0 = -2*n - u - 2 + 1. Suppose 0 = -5*f + 3*f + 3*m - 9, 0 = n*f + 2*m - 16. Let y(p) = p**3 - 2*p**2 - 2*p + 4. Give y(f).
7
Let l(d) = 2*d**2 - 15*d. Let w(u) = 2*u**2 - 36*u + 6. Let x be w(18). What is l(x)?
-18
Let q(b) = -12*b - 63. Let n(r) = -60*r - 310. Let p(s) = -2*n(s) + 11*q(s). Calculate p(-8).
23
Let q(h) = h**2 + 525*h - 40. Let j(z) = -129*z - 1. Let f(t) = -4*j(t) - q(t). Give f(-12).
8
Let l = -5151 + 5132. Let g(q) = -q**3 - 17*q**2 + 34*q - 18. What is g(l)?
58
Let o(r) be the second derivative of 17*r**4/6 + r**3/6 - r. Suppose 182*y = 399*y + 217. What is o(y)?
33
Let s(c) = -3*c**3 + 7*c**2 - 9*c + 6. Let k(y) = -y**3 - y**2. Let p(a) = 2*k(a) - s(a). Suppose 30*m - 48 = 192. Calculate p(m).
2
Let h(v) = v. Let i(u) = 5*u**2 + 5*u. Let d(r) = -2*h(r) + i(r). Let o be ((-7)/28)/((-3)/36). Calculate d(o).
54
Let f(j) be the second derivative of j**3/2 - 6*j**2 - 1090*j - 2. Give f(-3).
-21
Let s(n) = n**2 + 4*n - 40. Let y be s(5). Suppose y*t + 120 = -19*t. Let i(c) = -3*c. Determine i(t).
15
Let g(m) be the second derivative of 13/2*m**2 - 3/2*m**3 - 1/12*m**4 + 0 + 132*m. Determine g(-12).
-23
Let z be ((-16)/8)/((-1)/6*1). Let a(m) = -11*m**3 - 1 - 5*m - 2*m + z*m**3 + 4*m - 4*m**2. Calculate a(5).
9
Suppose -182 + 119 = -3*f. Let u(r) = 168*r**2 - 21*r + 42. Let o(x) = 33*x**2 - 4*x + 8. Let s(d) = f*o(d) - 4*u(d). What is s(-1)?
21
Let i be 14/(-14)*(-406 + 0)/2. Let q = 198 - i. Let v(a) = -a**2 - 4*a - 4. Give v(q).
-9
Let c be 14/(-119) + (-10)/(-85). Suppose -k - k + 6 = c. Let s(q) = q + 1. Calculate s(k).
4
Let g = -1742 + 1745. Let t(a) be the third derivative of -a**7/1680 + a**6/360 - a**5/60 - 8*a**2. Let k(m) be the third derivative of t(m). Determine k(g).
-7
Let h(w) be the third derivative of -w**6/120 - 2*w**5/15 - w**4/3 + 11*w**3/3 - 7898*w**2. Determine h(-5).
-13
Let t(y) = y**2 - y - 38. Let l be (-51)/(-7) + (-8)/(-112)*-4. Let k be t(l). Let o(j) = -j**3 + 4*j**2 + 1. Calculate o(k).
1
Let w be 10/(-30) + ((-138)/9)/2. Let d(v) = 4*v**2 + 32*v - 3. Calculate d(w).
-3
Let n(o) = 8*o + 4. Let m(k) = -1. Let z(j) = 3*m(j) + n(j). Let t = 29777 + -29775. Calculate z(t).
17
Let o(l) = l**2 - 11*l + 8. Suppose -2*m - 2 = 2*a, 4 = -2*a + 2. Suppose -6*c + 292 - 70 = m. Suppose -4*p + 5*d = -25, -4*p + c = -0*d - d. What is o(p)?
-2
Let a(d) = d**2 + 2*d - 71. Let n be a(8). Let j(i) = 10*i - n - 8*i + 4. Calculate j(6).
7
Let f(h) = h - 7. Let l be ((-2)/1*-4 - 2) + -4. Suppose 0 = -4*s - 20, -23 + 3 = -3*g - l*s. Suppose 4*t = -5*o + 8, -t - 4*t = -g. Give f(o).
-7
Let o(b) = 4*b - 61. Let h = -6809 + 6824. Give o(h).
-1
Suppose 16*q + 70 = -42. Let z(i) = 2*i**2 + 7*i + 5. Give z(q).
54
Let c = -14 - -18. Let s(j) be the first derivative of -j - c + 4 - 3*j**3 + 0*j - 4. Determine s(1).
-10
Let p(j) = j + 2. Let i(v) = v**2 + 30*v - 180. Let q be i(-35). Let f be -5 + (-1 - q/10)*2. What is p(f)?
-4
Let j(x) = -3 - 66*x**3 - 8*x**2 - 7*x + 1 + 65*x**3 - 1 + 0. Let i = 18 + -25. Calculate j(i).
-3
Let a(t) be the second derivative of t**5/20 - 2*t**4/3 - t**3/3 - 3*t**2/2 - 3885*t. Give a(9).
60
Let t(z) = 4*z**3 - 7*z**2 - 9*z + 1. Let d = -24627 - -24630. What is t(d)?
19
Suppose -371*n = 66*n + 18354. Let p(r) = -2*r**2 - 84*r - 16. Give p(n).
-16
Let p(q) be the third derivative of q**4/6 - 7*q**3 - 1370*q**2. What is p(12)?
6
Let i(u) = 8*u + 2. Let l(b) = 5*b + 1. Let n(y) = -3*i(y) + 5*l(y). Suppose 0*j + 7*j = 28. Suppose 8 = -2*q + 3*o, -o + 4*o - 16 = j*q. Give n(q).
-5
Suppose -26 + 10 = -x - 3*w, w - 8 = -x. Let c(f) = 2*f**2 + x - 1 + 0 - 4 + 3*f. Let t = 3 - 1. Determine c(t).
13
Let f(d) be the second derivative of -9*d**5/20 - d**4/12 + d**3/6 + d**2/2 - 505*d. Let v be (-133)/(-14) + 1/(-2). Let w = v + -10. Give f(w).
8
Suppose -8*t - 6 = -9*t. Let n(x) = 3*x**2 - t*x - x**3 + 5 - 3*x**3 + 5*x**3. Let m(s) = -s**2 - 22*s - 5. Let w be m(-22). What is n(w)?
-15
Let x(k) be the second derivative of k**6/360 - k**4/2 + 26*k**3/3 - k**2/2 + 6*k - 1. Let h(p) be the second derivative of x(p). What is h(0)?
-12
Let b(m) be the third derivative of -m**6/5 - m**5/60 + m**4/24 + m**3/6 - m**2 - 7*m + 199. Determine b(1).
-23
Let i(m) = -6*m**3 + 5*m**2 + 114*m + 11. Let y(z) = -7*z**3 + 5*z**2 + 131*z + 12. Let d(a) = -8*i(a) + 7*y(a). Calculate d(3).
-61
Let l(q) = -q**3 + 15*q**2 - 17*q + 33. Suppose -4*v - 1271 = -2*i - 1243, 2*v = -4*i + 56. Determine l(i).
-9
Let a(j) = j**3 + j**2 + 2. Let d(y) = -y**3 - 2*y**2 + y - 3. Let k(v) = -4*a(v) - 3*d(v). Let i be (-20)/4*4/(-10). Suppose -9*s + i = -16. Determine k(s).
-5
Let t(n) = n**3 + n**2 - n - 12. Suppose 5*a - 4 = 9*a. Let h(m) = m**2 - 1. Let g be h(a). What is t(g)?
-12
Let m(q) be the first derivative of -22*q**3/3 - 3*q**2 + 15*q + 4677. Give m(3).
-201
Suppose -61*x - 142 + 20 = 0. Let c be (-9)/x*-12*3/(-27). Let m(d) = -2*d + 7. Give m(c).
-5
Let b(l) be the third derivative of 17*l**4/24 + 3*l**3/2 - 39*l**2 + 4. Give b(4).
77
Suppose -8*l + 7*l - 10*l + 55 = 0. Let s(u) = -8*u + 42. Calculate s(l).
2
Let t = 32592 - 32585. Let d(p) = 2*p**2 - 4*p - 15. Calculate d(t).
55
Suppose 20 = -3*f + 5. Let s(g) = -459*g + 23. Let v(n) = -74*n + 4. Let d(x) = 5*s(x) - 31*v(x). What is d(f)?
-4
Let l(c) = -8*c + 4. Let b(t) = 5*t - 6. Let m(d) = -3*b(d) - 5*l(d). Give m(-1).
-27
Suppose -r = -6*r + 10. Suppose z - 16 = -5*j - 2, -4*z + r*j = -12. Let o(a) = -a - 1. Calculate o(z).
-5
Let r = -27 - -35. Let i(a) = a - 3. Let z be i(r). Let m(s) = -z*s + 6*s + 15*s. What is m(-1)?
-16
Let a be 28/56*(1 - 39/(-1)). Suppose -a*d + d = 19. Let h(u) be the third derivative of -u**5/10 + u**4/24 + u**2. Determine h(d).
-7
Let p = 89 + -85. Suppose p*t + 76 = 8*t. Suppose 0 = -t*x - 6 - 51. Let s(o) = 2*o + 4. Calculate s(x).
-2
Let m(g) = -g**2 + 12*g + 7. Let t(r) = -2*r - 1. Let l(j) = -3*m(j) - 21*t(j). Let q be (-288)/80 - (-12)/40*2. Give l(q).
9
Let l = 20 - -59. Suppose -89 = -5*x - l. Sup